 4. Give q(r).
5
Let p(m) be the second derivative of -m**5/20 - m**4/12 - m**3/3 - 3*m**2/2 + m. Let r be p(-2). Let y(x) = -4 + 4 - 2 + x. Give y(r).
3
Let p be (3/(-9))/(2/24). Let n(j) be the first derivative of -j**5/60 - j**4/4 - 5*j**3/6 - 3*j**2/2 + 1. Let l(v) be the second derivative of n(v). Give l(p).
3
Let t(d) = 2*d**2 - 10*d - 2. Let g be t(5). Suppose 0 = -5*x + 5 - 0. Let b(n) = n**3 - x + 0*n + 2*n - 5*n. Calculate b(g).
-3
Suppose 3*i = -4*q - 8, 0*q + 2*q = 4*i - 26. Let a = q - -10. Let x(z) = 4 - 5*z + a*z - z. Determine x(4).
0
Suppose v + 2 = 2*v. Let t = -5 + v. Let s(x) = -x. What is s(t)?
3
Let t(w) be the third derivative of -w**6/120 - w**5/20 - w**4/24 - 3*w**2. Calculate t(-3).
3
Let m(f) = 3*f + 9. Let r(y) = -16*y - 46. Let k(z) = -z**2 + 16*z - 17. Let b be k(15). Let o(t) = b*r(t) - 11*m(t). Calculate o(-5).
-2
Let r(f) = f**3 - 5*f**2 - 6*f + 8. Let k = 62 - 56. Determine r(k).
8
Let p = 3 + 0. Let c(g) = -3*g**2 + 3*g - g**2 - g**3 - g**2 + 2*g**p - 1. What is c(4)?
-5
Let h(w) be the second derivative of 1/2*w**2 + 4*w + 0 + 1/3*w**3 - 1/12*w**4. Determine h(2).
1
Suppose -4*o - 34 + 14 = 0. Let l(v) = 140*v - 7*v**3 + 14*v**3 + v**3 - 145*v + 4*v**2 - 7*v**3. Give l(o).
0
Let n be 6/(-4) - 2/(-4). Let k(i) be the second derivative of i**3/3 + i**2/2 + 44*i. Determine k(n).
-1
Let b be 6*(-14)/(-20) + (-10)/50. Let s(w) be the second derivative of 3*w + 5/12*w**b + 1/20*w**5 + 5/2*w**2 + 0 + 7/6*w**3. Determine s(-4).
-7
Let f(d) = -2*d**3 + 3*d**2 + 2*d - 13. Let i(p) = 2 - p**3 + p - 8 + p**2 + p**2. Let h(b) = 3*f(b) - 7*i(b). Suppose -3*t + 20 = t. Determine h(t).
-2
Let p = -155 - -147. Let s(o) = o**3 + 7*o**2 - 6*o + 1. What is s(p)?
-15
Let r be (1 + -4)*-1 + -2. Let y = r + -2. Let o(u) = 3*u**3 + 0*u + u**2 + u + 0*u. Give o(y).
-3
Let i(g) = -g**2 + 11*g - 15. Let b be i(10). Let j(s) = 7*s**2 - 10*s. Let m(x) = -4*x**2 + 5*x. Let n(d) = b*m(d) - 3*j(d). Determine n(6).
-6
Let h = -147 - -146. Let b(w) = -6*w**2 + w. What is b(h)?
-7
Suppose 0 = 2*u - 6 - 2. Let y = u - 0. Let g(n) = 4*n**2 - 10*n + 5. Let j(z) = -5*z**2 + 11*z - 5. Let o(k) = -4*g(k) - 3*j(k). Determine o(y).
7
Suppose 4*f - 4 = -12. Let h(d) = d**2 + 2*d + 1. Let l be h(f). Let v(a) = -7 + a**3 - a**2 + l + 4. Determine v(0).
-2
Let x = 63 + -58. Let l(b) = 2*b - 4. Determine l(x).
6
Let n(i) = i**2 - 3*i - 3. Let t = 30 + -25. What is n(t)?
7
Let q be (-1 + -30)/((-1)/(-1)). Let u = q - -21. Let p = u + 5. Let f(r) = r**2 + 4*r - 6. Give f(p).
-1
Let h(j) = j**2 - 4*j + 4. Let c = 3 - -2. Give h(c).
9
Let p(a) = 14*a**3 + a**2 - a - 3. Let j(m) = -13*m**3 - m**2 + m + 2. Let h(s) = -4*j(s) - 3*p(s). Give h(1).
11
Let i(n) = -3*n**3 + 5*n**2 + 5*n - 4. Let a(x) = -x**3 + x. Let u(f) = 4*a(f) - i(f). Determine u(-3).
-11
Let b be (1 - -1) + 0 + 3. Let q(w) = 1 - w**2 + 5*w - 4 + b. Give q(5).
2
Let r(n) = n**2 - n + 1. Let y(u) = 10*u**2 - 5*u + 4. Let o(t) = -6*r(t) + y(t). Let g = -101 - -99. Calculate o(g).
12
Let r(h) = h**3 + 7*h**2 + 8*h + 2. Let b(z) = -z**3 - 6*z**2 - 6*z - 11. Let p be b(-5). What is r(p)?
-10
Let s be (2/(-1 - -3))/(2/14). Let p(m) = m**3 - 6*m**2 - 4*m - 6. Calculate p(s).
15
Let r(z) = -2*z - 4. Let x be r(-2). Let j(u) be the second derivative of u**4/12 + 15*u**2/2 - 2*u. Calculate j(x).
15
Let b(a) = 5*a**3 + 5*a**2 + 3*a + 6. Let x(m) = -m**3. Let z(t) = b(t) + 4*x(t). Calculate z(-4).
10
Let w(d) be the second derivative of d**4/12 + 3*d**3/2 + 5*d**2/2 - 34*d. Calculate w(-8).
-3
Let m(j) be the third derivative of -j**4/4 - j**3/6 + 112*j**2. Suppose 2*l = -4*o - 19 + 3, 10 = -o - 2*l. Determine m(o).
11
Let i(t) be the first derivative of -t**5/20 - t**4/3 - 5*t**3/6 - t**2 + 5*t + 4. Let y(j) be the first derivative of i(j). What is y(-3)?
4
Let o(k) be the second derivative of k**5/20 - 3*k**4/4 + 3*k**3/2 - k**2/2 + k. Calculate o(8).
7
Let d(y) = -2*y - 13. Let h be d(-8). Suppose -h*z - 9 = 6. Let g(n) = -n**2 - 6*n - 3. Calculate g(z).
2
Let i(d) be the third derivative of d**6/60 + d**5/30 - d**4/8 - 2*d**3/3 + 39*d**2. Determine i(-3).
-31
Suppose 9 = 2*v + v. Let j = 3 - v. Let b(o) = -4 + 0*o + j - o. Give b(-4).
0
Let a(w) = w - 6. Let x be a(8). Let j(y) = -13*y + 9. Let b(t) = 7*t - 5. Let h(v) = 7*b(v) + 4*j(v). Determine h(x).
-5
Let d(i) = 6 - 1 + 0 + 4*i. Determine d(-4).
-11
Let w(d) = 4*d + 1. Let g(c) = 2*c**3 - c**2 - 3*c - 4. Let z be g(3). Suppose -4*v + 2*m = 18, -m + z = -5*v + 5. Let p be -4*(-1 + (-3)/v). Determine w(p).
9
Let a(d) be the second derivative of -1/4*d**4 + 5/2*d**2 + 5/6*d**3 - 3*d - 1/20*d**5 + 0. Determine a(-4).
1
Suppose -12 = 3*h, 2*h + 4 = z - 1. Let m be 4 + z + 1 + 1. Let b(j) = -j**2 + 3*j + 1. What is b(m)?
1
Let v(k) = -1. Let p(y) = 1. Let x(j) = -4*p(j) - 3*v(j). Let l(r) = -r + 2. Let s(z) = -2*l(z) - 3*x(z). Calculate s(4).
7
Suppose 2*q = -2*b + 13 - 1, 5*q = 20. Suppose 21 = 5*j - 2*j + 3*y, 3*y - 11 = 2*j. Let i(k) = 1 + 3*k**2 + k**b + j*k**2. Calculate i(1).
7
Suppose 3*h + 11 = 5*i, -6 = -4*i - 2*h + 16. Let a(d) be the first derivative of -d**2/2 + 4*d - 1. What is a(i)?
0
Let l(n) = -n**3 - n**2 - 8. Let w be l(0). Let h(z) = -z - 10. Calculate h(w).
-2
Let t(b) = 4 + 6*b - 3*b - 2 + 4*b**2 - 3*b**2. Let o be (1 + 0 + -2)*3. Determine t(o).
2
Let p(u) = -u**2. Let n(h) = -h**3 - 7*h**2 + 8*h - 4. Let k(g) = -n(g) + 3*p(g). What is k(-6)?
-20
Let i(h) = -h**3 + 7*h**2 - 7*h + 7. Suppose -5 = -0*k - k. Calculate i(k).
22
Suppose -6*t + t = -z - 13, 21 = 3*t - 5*z. Let u(c) = -c**3 + 2*c**2 - 1. What is u(t)?
-1
Let l(g) = 5*g**3 + 2*g**2 - g. Suppose 0 = -2*r + 3*y - 18, 0 = 4*r - 3*r + 3*y - 9. Let p = r + 4. What is l(p)?
6
Let b = -5 + -4. Let y = b - -15. Let q(f) = -f + 5. Determine q(y).
-1
Suppose 5*y + 5*i = -20, 27 = -3*y - 2*y + 2*i. Let u(q) = -q**2 + 6*q + 9. Let w be u(7). Let l(t) = t**3 + 4 + 5*t + 2 + t**2 + 5*t**w. What is l(y)?
6
Suppose 0 = -2*d - 2*v + 7*v + 20, -v = 2. Let t(c) = c**2 - 2*c - 5. Give t(d).
10
Let i(f) = -7*f**3 - 4*f**2 - f - 6. Let x(p) = -3*p**3 - 2*p**2 - p - 3. Let a(y) = 4*i(y) - 9*x(y). Let l(w) = w**2 + 9*w + 12. Let r be l(-8). What is a(r)?
-9
Let j(a) be the first derivative of -a**4/4 + 4*a**3/3 - a**2/2 - 4*a - 26. What is j(3)?
2
Let m(g) = -6*g**2. Let r be 3 + -1 + 15/(-5). What is m(r)?
-6
Let c(n) = 2*n**2 - n - 1. Let x be c(2). Let l(q) be the first derivative of -q**3/3 + 7*q**2/2 - 16. Calculate l(x).
10
Let p(n) be the second derivative of n**5/20 + n**4/6 - n**3/6 + n**2/2 - 4*n. Determine p(-2).
3
Let x = -10 - -4. Let b(i) = 5*i + 0*i - 8*i + 2*i - 1. What is b(x)?
5
Let p(b) = 0*b**2 - 5*b - b**2 + 0*b**2 + 4 + 4. Let a(g) = g**2 + 5*g - 8. Let m(c) = -4*a(c) - 3*p(c). Determine m(-6).
2
Let q(c) be the second derivative of -c**5/20 - 7*c**4/12 + 7*c**3/6 + 5*c**2 - 2*c - 15. Determine q(-8).
18
Let f(o) be the third derivative of -o**4/24 - o**3 + 50*o**2. Give f(-5).
-1
Suppose 0 = -t - 65 + 10. Let d be (-2)/11 - 175/t. Let k(p) = -p + 7. Determine k(d).
4
Let v(a) = 0*a - 3*a - a - 3*a - 1. Let m(t) = 15*t + 2. Let l(p) = -6*m(p) - 13*v(p). Determine l(-2).
-1
Let p(q) = 4*q**3 - q + 1. Let h = 8 + -4. Suppose o + h = 5. Determine p(o).
4
Let d(l) = -3*l - 1. Let o be d(-1). Suppose -o*m + 1 = -3. Let t(y) = 4*y**2 + y**m - y**3 + 2*y**3 + 3*y - y. Calculate t(-4).
8
Let g(a) = -4*a**3 - 2*a**2 - 2*a - 1. Let d be -1 + 4 + 1*-1. Let q(j) = -j**2. Let u(t) = d*q(t) - g(t). Let s be (-12)/(-4) + 1*-4. Calculate u(s).
-5
Suppose 0 = -2*a - 5*c + 19 + 9, -4*c = -3*a - 4. Let f(y) = -4 - a - 2*y + 1. Suppose -33 = 5*i + 2*s, 33 = -3*i - 5*s - 2. Determine f(i).
3
Let p(j) be the first derivative of -j**4/4 - 7*j**3/3 + 4*j**2 - 1. Let f be p(-8). Let k(h) = -1 + f*h + 2 + h - 4. Determine k(3).
0
Let z(h) = -2*h - 2. Let t be z(-2). Suppose 3*n - 6 = 3*o, -o - 14 = -7*n + 3*n. Let y(g) = g**2 - 3*g**t + 1 + g**2 + o*g. Give y(-2).
-7
Let n(d) be the first derivative of -d**5/24 + d**4/6 + d**3 + 1. Let g(t) be the third derivative of n(t). Calculate g(3).
-11
Let p(f) = -3*f**3 + 2*f**2 - f**2 - f**3. Determine p(-1).
5
Let m = -12 + 6. Let y(v) = -v**3 - 6*v**2 - 2. Give y(m).
-2
Let w(t) = -4*t**3 - 2*t**2 + 4*t + 7. Let r(v) = -7*v**3 - 5*v**2 + 7*v + 13. Let 